e -8*l = l - 135. Suppose 6 - l = -3*k. List the prime factors of k.
3
Let q be (18/(-4))/((-7)/14). Suppose 9*o = q - 9. Suppose o*f = -4*f + 292. What are the prime factors of f?
73
Let z be ((-4)/(-6) - 52/(-12)) + -1. What are the prime factors of 8 - 264/32 - (-2409)/z?
2, 7, 43
Suppose 10869 = 4*b - z, 0 = -2*b + 37*z - 33*z + 5424. Suppose 0 = -118*y + 112*y + b. What are the prime factors of y?
3, 151
Suppose j + 2*r - 90808 = 0, -38*r = 2*j - 40*r - 181598. What are the prime factors of j?
2, 83, 547
Let q be (2 + 3 - 4)*-4. List the prime factors of -2 + (12/q)/3 + 34.
31
Let q be ((-423)/(-6))/((-1)/2) - -5. What are the prime factors of 38 + (51/q - 70/(-16))?
2, 3, 7
Let f be (((-175)/(-10))/5)/((-5)/10). Let m(p) = 9*p**2 + 20*p. List the prime factors of m(f).
7, 43
Suppose 2616 = 36*q - 42*q. Let d = q - -957. What are the prime factors of d?
521
Suppose o + 19 = -5*p, -5*o - 8 = -8*p + 4*p. List the prime factors of 1*o*11/(-2).
2, 11
Let u(x) = -x**3 + 13*x**2 - 27*x - 21. Let a be u(10). Suppose -y + 26 = k, -6*k + k = -3*y - 170. Suppose -p - a = -k. What are the prime factors of p?
2, 11
Suppose 0 = 5*c - 29 - 171. Let x = 43 - c. Suppose -x*j + 230 = -46. List the prime factors of j.
2, 23
Suppose 0 = 4*j - 2*b - 11128, -5*b - 10 + 30 = 0. Suppose 2*z + j = y + y, y + 2*z - 1377 = 0. What are the prime factors of y?
19, 73
Suppose 0 = -274*z + 106*z + 2077320. What are the prime factors of z?
5, 2473
Let y(m) = 242*m**2 + 53*m - 16. What are the prime factors of y(12)?
2, 8867
Let s(m) = m**3 + 4*m**2 + 35*m + 74. Let b be s(17). Suppose -b = -5*u - 18. List the prime factors of u.
2, 3, 7
Let c(q) = 43*q**2 - 396*q - 36. List the prime factors of c(-34).
2, 1973
Suppose 68*w = 67*w + u + 6458, -2*w + 12936 = 2*u. What are the prime factors of w?
23, 281
Let t = 6771 - -3026. List the prime factors of t.
97, 101
Suppose 1386 = 4*z - 4526. Suppose 2*s + z = 3*u, 5*u + 2*s - 2457 = -s. What are the prime factors of u?
2, 3, 41
Let y be (9 - 1430/20)*2. Let x(m) = -24*m - 1. Let v be x(-1). What are the prime factors of 26 - v - (y - (-1 + 0))?
127
Suppose 4*a - 16 = 0, -4*p + 5*a + 21 + 7 = 0. Suppose 3*y + 8342 = -7762. What are the prime factors of y/(-48) + 2/p?
2, 7
Suppose -54866 = -17*a + 33257 - 15822. What are the prime factors of a?
4253
Let u = -66 + 71. Suppose 0*g + u*m = 5*g - 710, 4*g + m - 593 = 0. What are the prime factors of g?
3, 7
Suppose -61*y + 144503 = 18599. List the prime factors of y.
2, 3, 43
Let y = -2668 - -6836. List the prime factors of y.
2, 521
Let w be 7 + (-150)/22 - (-328)/11. List the prime factors of (20/w)/(2/684).
2, 3, 19
Suppose 3*c + 3*t = 122307, -40783 = -c + 56*t - 55*t. List the prime factors of c.
2, 3, 1699
Let y(h) = -31*h**3 - 31*h**2 - 5*h + 114. List the prime factors of y(-10).
2, 877
Suppose 3*c - 11 + 1 = -2*f, 0 = -5*c - 5*f + 25. Let m(d) = 344*d - 1980. Let h be m(6). Suppose -5*g + 751 + h = c. What are the prime factors of g?
167
Let l(a) = -13*a**3 - 12*a**2 - 60*a - 23. Let i be l(-11). Suppose -21*c + i = -3*c. What are the prime factors of c?
2, 229
Let h(y) = 304*y - 4259. List the prime factors of h(35).
3, 709
Suppose -51 = -10*l + 9. Suppose 0 = l*k - 21*k + 5955. List the prime factors of k.
397
Let k = 2256 - -287. What are the prime factors of k?
2543
Suppose -5*d - v + 22945 = 3*v, d + 5*v = 4589. Suppose 3001 = 11*p - d. What are the prime factors of p?
2, 3, 5, 23
Let u = 43 - 7. Let g = 42 - u. List the prime factors of (1 - g)*238/(-14).
5, 17
Let k be 0 + (4 - 6) + 12. Suppose a = -a + k. Suppose 2*j + 73 + 59 = 3*g, a*g + 4*j = 198. List the prime factors of g.
2, 3, 7
Suppose 3*x + 1 = 5*z - 43, -3*z - 2*x = -34. Suppose -z*o = 4 + 16. What are the prime factors of (489/(-2))/(3/o)?
163
Suppose -3*c + 3648 = 2*h - 30743, 4*h + 20 = 0. What are the prime factors of c?
11467
Let u(c) = 2*c**2 + 96*c - 181. Let n be u(2). Let v be -2 + (-1)/(1/3). Let s = v + n. What are the prime factors of s?
2, 7
Suppose 0 = -33*t - 32*t - 65. Suppose -p + 17 = -5*k + 43, -5*p + 20 = 0. What are the prime factors of k/((15/(-10))/t)?
2
Suppose 1511*m - 49944 = 1507*m. What are the prime factors of m?
2, 3, 2081
Let l(y) = 81*y**2 - y - 1. Let m be (12 + -17)/(0 + (-1)/1). Suppose 0*q + 1 = -m*i - 2*q, 2*i - 4*q + 10 = 0. What are the prime factors of l(i)?
3
Let g be (3 + (-68)/16)/(3/(-12)). Suppose -3*c = -0*c + 3, 5*c - 555 = g*y. Let k = y + 179. List the prime factors of k.
67
Suppose 0 = 5*q - h - 17004, -13*q - 5*h - 6797 = -15*q. Suppose 8*v - 9079 = q. What are the prime factors of v?
2, 3, 5, 13
Let s = 61150 + -13617. What are the prime factors of s?
47533
Let w(s) be the second derivative of 3*s**5/10 + s**4/12 + 3*s**2/2 + 10*s - 2. List the prime factors of w(4).
13, 31
What are the prime factors of 4/((-96)/468)*-706?
3, 13, 353
Let b(k) = -k**2 - 11*k - 20. Let i be b(-6). Suppose -2*o = -a + 373, 6*o - i = 4*o. What are the prime factors of a?
383
Suppose 17*d = -0*d + 714. Let w(t) = t + 2. Let u be w(-2). Suppose u = -h + o + 42, 6*o = -h + 2*o + d. What are the prime factors of h?
2, 3, 7
Suppose -146*j + 49504 = -129*j. List the prime factors of j.
2, 7, 13
Let i be (-7)/(21/6) - -1. Let t(n) = 2*n**2 + 2*n + 1. Let s be t(i). List the prime factors of ((-50)/(-15))/(s/12).
2, 5
Let b = 33760 + -24814. What are the prime factors of b?
2, 3, 7, 71
Suppose -16*k - 32576 = 2*k - 344750. What are the prime factors of k?
3, 41, 47
Suppose 2*r - 3*r = k - 4, -18 = -5*k - 4*r. Let c(x) = -10*x**3 + 8*x**3 - 3*x**2 + 4*x**3 + 3*x + 4. List the prime factors of c(k).
2, 7
Suppose -2*f = 2*k - 18, -4*k - k = 4*f - 41. Suppose 0 = 3*i - f*t - 450 - 42, 0 = -3*i - 5*t + 519. Suppose 6*w + w = i. What are the prime factors of w?
2, 3
Let n be (2 + -1)/((-7)/(-119)). Suppose n*g - 22*g + 2720 = 0. List the prime factors of g.
2, 17
Suppose 14*y = 19*y - 20. Suppose y*r + 764 = 2816. What are the prime factors of r?
3, 19
Let n be ((-24)/(-15))/(20/50). Suppose -l + 5*l + 2*k - 120 = 0, -3*l + 79 = -n*k. List the prime factors of l.
29
Let y(m) be the third derivative of -m**5/60 + 7*m**4/8 + 11*m**3/3 - 110*m**2. List the prime factors of y(21).
2, 11
Let x be (2 + 1*-16624)*-1. Suppose -5006 = 24*u - x. What are the prime factors of u?
2, 11
Suppose 2 = -2*b, 2*b = -4*a - 3*b + 9563. Suppose 3*p = -751 + a. List the prime factors of p.
547
Let a be 18/5*(0 - 15/(-6)). Suppose 3 = a*x - 15. Suppose 4*g = -4*d + 8*d - 424, g = x*d - 213. List the prime factors of d.
107
Let r(i) = i**2 + 14*i + 5. Let v be r(-14). Let o(f) be the third derivative of f**5/10 + f**4/3 - 3*f**3/2 + 27*f**2. What are the prime factors of o(v)?
181
Suppose 2*k + 24 = 3*y, 3*k + 19 = 5*y - 17. What are the prime factors of (-2 - k/7) + (-601818)/(-686)?
877
Suppose 11*t - 133523 = 77490. List the prime factors of t.
19183
Let s(y) = -2*y**3 - 42*y**2 + 26*y**2 - 6*y + y**3 + 23*y**2. Let u be s(6). Suppose u = -5*x + 188 + 187. What are the prime factors of x?
3, 5
Let y(h) = 32 - 3*h - h**3 + 23 - 50 + 0*h**2 + 0*h**2. List the prime factors of y(-5).
5, 29
Suppose -2*u - 4*o - 506 = 0, -4*o + 1253 = -5*u - 2*o. Let h = u + 503. What are the prime factors of h?
2, 3, 7
Let i(z) = -13*z**3 - z**2 - 2*z - 1. Let d = -23 - -26. Suppose 0 = d*h + 2*h + 5. What are the prime factors of i(h)?
13
Suppose 0 = 2*s + i - 7, 0 = 3*i - 9. Suppose s*z = z - 5*b + 29, 3*z - 3*b - 33 = 0. Let h = z + 29. What are the prime factors of h?
43
Let y = -181 + 145. List the prime factors of 1/(-3) - 6/(y/494).
2, 41
Suppose -6*z - 3*u = -4*z - 16013, z + u - 8004 = 0. List the prime factors of z.
19, 421
Suppose 0 = 16168*q - 16156*q - 200028. What are the prime factors of q?
79, 211
Let q be (-5 - (-3 - -1)) + -154. Let j(h) = -28*h**3 + 2*h - 2. Let d be j(2). Let k = q - d. List the prime factors of k.
5, 13
Let c = 70 - 67. Suppose -c*y + 5*z - 107 = 6*z, 4*y - 5*z + 149 = 0. List the prime factors of ((-32)/y)/4 - (-500)/18.
2, 7
Suppose -2*d + 60 = 13*d. Suppose 527 + 501 = d*o. List the prime factors of o.
257
Let p be (-19 + 4)*(-1)/1. Suppose 414 = -12*h + p*h. Suppose h = -6*n + 1086. What are the prime factors of n?
2, 79
Let j = 7663 + -4106. What are the prime factors of j?
3557
S